ermine t(8).
2
Let p(i) = 3*i - 27. What is p(-12)?
-63
Let b(a) = -2*a + 50. Determine b(23).
4
Let z(l) = -l**3 - 9*l**2 - l - 5. Give z(-9).
4
Let v(d) = -d**3 + 13*d**2 - 11*d - 12. Calculate v(12).
0
Let k(u) = u**3 - 17*u**2 + 3*u - 56. Calculate k(17).
-5
Let d(a) = -2*a**2 - 31*a - 11. What is d(-15)?
4
Let z(o) = -o**3 + 3*o**2 + 3*o - 9. Give z(4).
-13
Let m(t) = -14*t + 2. What is m(3)?
-40
Let b(k) = -88*k**2 + k - 1. Calculate b(-1).
-90
Let t(d) = -d**3 - 18*d**2 + 20*d + 29. Give t(-19).
10
Let d(f) = -23*f - 22. Determine d(-5).
93
Let n(t) = t**2 - 15*t - 17. Determine n(16).
-1
Let b(p) = 3*p - 65. Calculate b(15).
-20
Let c(u) = -3*u**2 - u - 1. What is c(-2)?
-11
Let y(z) = -17*z + 495. Give y(29).
2
Let q(h) = h**3 + 3*h**2 + 5*h + 3. Give q(-1).
0
Let i(g) = 2*g - 13. Give i(9).
5
Let w(s) = 3*s**2 - 23*s - 18. Give w(8).
-10
Let s(h) = -h**2 + h + 36. What is s(0)?
36
Let v(d) = d**2 - 7*d - 7. What is v(6)?
-13
Let r(g) = -g**3 + 25*g**2 - 22*g - 35. Determine r(24).
13
Let a(y) = -y - 9. What is a(-5)?
-4
Let b(v) = 4*v + 64. Calculate b(-13).
12
Let n(c) = 8*c + 61. Calculate n(-8).
-3
Let w(j) = -3*j**3 + j**2 + 6*j + 4. Give w(-1).
2
Let z(w) = -8*w + 13. What is z(10)?
-67
Let u(v) = 5*v + 34. What is u(-7)?
-1
Let v(h) = 2*h**3 + 16*h**2 + 13*h + 2. Give v(-7).
9
Let y(c) = -c**3 + 3*c**2 - 6. Calculate y(5).
-56
Let g(k) = 3*k**2 - 20*k - 4. What is g(7)?
3
Let m(k) = -k**3 + 7*k**2 + 8*k - 1. Determine m(7).
55
Let y(j) = 3*j**2 + 10*j + 22. Determine y(-5).
47
Let h(x) = x**3 - 7*x**2 + 5*x + 2. Calculate h(6).
-4
Let g(h) = -2*h**3 - 31*h**2 + 17*h + 11. What is g(-16)?
-5
Let i(n) = -4*n - 12. Determine i(8).
-44
Let r(m) = m**3 - 23*m**2 - 24*m + 14. Determine r(24).
14
Let o(b) = -b**2 + 4*b - 7. Give o(3).
-4
Let l(q) = 18*q + 30. Calculate l(-2).
-6
Let g(l) = -2*l**3 + 6*l**2 + 3*l - 15. Give g(4).
-35
Let p(b) = 2*b + 22. What is p(1)?
24
Let t(s) = s**2 + 3*s - 6. Give t(-5).
4
Let x(o) = o**2 - 16*o - 30. Calculate x(18).
6
Let f(o) = 2*o**3 + 7*o**2 - 6*o + 1. Determine f(-5).
-44
Let r(d) = d**3 - 5*d**2 + 3*d + 1. What is r(5)?
16
Let d(k) = -8*k - 508. What is d(-64)?
4
Let t(n) = -9*n - 96. Give t(-13).
21
Let k(d) = d**2 + 82*d + 1677. Calculate k(-38).
5
Let i(q) = -q**3 - 3*q**2 + 6*q + 6. Determine i(-4).
-2
Let n(x) = 4*x**2 - 2*x + 3. Determine n(-3).
45
Let g(a) = -2*a**2 - 4*a - 3. Determine g(-3).
-9
Let o(x) = 12*x - 63. Calculate o(5).
-3
Let q(g) = 2*g**3 + 2. Give q(2).
18
Let q(n) = -n**3 - 9*n**2 + 12*n + 2. Determine q(-10).
-18
Let y(p) = p**2 + 22*p + 15. Determine y(-15).
-90
Let k(h) = h**3 + h**2 - 4*h - 3. What is k(-2)?
1
Let z(v) = -v**3 - 7*v**2 - 7*v + 2. What is z(-6)?
8
Let j(x) = -x**3 - x**2 + 28*x - 50. Determine j(3).
-2
Let n(l) = l**3 - 4*l**2 + 2*l - 34. Determine n(5).
1
Let b(d) = -6*d**2 - 66*d - 7. What is b(-11)?
-7
Let h(x) = x**3 + x**2 - 3. Calculate h(-2).
-7
Let n(x) = -9*x - 7. Determine n(-2).
11
Let i(b) = 3*b + 2. Calculate i(-7).
-19
Let v(c) = c**3 + 3*c**2 + 15. Give v(-4).
-1
Let v(d) = d**3 + 4*d**2 - 6*d - 4. Calculate v(-5).
1
Let j(n) = -n + 20. Give j(14).
6
Let m(f) = -5*f**2 - 9*f - 9. Calculate m(-3).
-27
Let p(r) = -6*r**3 + 2*r**2 + r. Determine p(-1).
7
Let r(x) = -x**3 + 21*x**2 - 35*x + 9. Calculate r(19).
66
Let m(u) = 2*u**2 + 68*u + 69. Determine m(-33).
3
Let z(n) = -n + 25. Calculate z(7).
18
Let r(p) = -31*p - 537. Determine r(-17).
-10
Let i(g) = g**2 + 5*g + 21. Determine i(0).
21
Let h(u) = -u**3 + 9*u**2 - 16*u - 1. Determine h(6).
11
Let z(f) = -3*f + 7. What is z(5)?
-8
Let v(l) = -l**2 + 5*l + 9. Calculate v(8).
-15
Let z(n) = -2*n**2 + 8*n - 11. Calculate z(2).
-3
Let v(x) = x**2 - 17*x + 18. Determine v(14).
-24
Let a(r) = -2*r**2 + 55*r - 19. What is a(27)?
8
Let b(g) = -g**3 - 9*g**2 + 13*g + 16. Determine b(-10).
-14
Let u(p) = 13*p + 4. Calculate u(-1).
-9
Let n(s) = -2*s**2 - 40*s - 5. Give n(-20).
-5
Let j(r) = -44*r**2 + 7*r + 3. Give j(-2).
-187
Let w(m) = m**3 - 19*m**2 - 40*m - 47. What is w(21)?
-5
Let r(h) = -h**3 + 17*h**2 - 49*h - 20. Determine r(13).
19
Let f(c) = c - 31. Calculate f(21).
-10
Let l(a) = a**2 - 4*a - 13. Give l(6).
-1
Let n(l) = -2*l + 9. What is n(-7)?
23
Let m(u) = u**3 + 3*u**2 - 2. Calculate m(2).
18
Let r(x) = -16*x**2 + x. Determine r(-1).
-17
Let v(l) = -l**3 - 4*l**2 + 3. Give v(-4).
3
Let w(d) = -18*d - 163. Give w(-9).
-1
Let s(k) = k - 2. Calculate s(6).
4
Let b(s) = -98*s - 868. What is b(-9)?
14
Let h(l) = -l**3 + 6*l**2 - 3*l + 7. Calculate h(7).
-63
Let x(u) = -8*u + 23. Determine x(6).
-25
Let c(a) = -a**2 + 83*a - 394. What is c(78)?
-4
Let i(d) = -3*d**2 + 2*d + 4. Determine i(-4).
-52
Let d(n) = -n**2 + 16*n - 9. Calculate d(17).
-26
Let a(b) = -23*b**3 + b**2 - 2. Give a(-1).
22
Let q(c) = -c**3 + 8*c**2 - 5*c - 14. What is q(8)?
-54
Let t(p) = 5*p**3 - 3*p**2 + 3*p - 2. Give t(2).
32
Let s(g) = -g**3 + 5*g**2 + 9*g + 3. Calculate s(7).
-32
Let n(o) = -4*o + 19. Give n(5).
-1
Let x(y) = -y**3 - 4*y**2 + 6*y - 2. What is x(-5)?
-7
Let h(y) = -7*y - 32. Calculate h(-6).
10
Let l(v) = v**3 + 6*v**2 + v - 9. Give l(-4).
19
Let b(f) = -9*f**2 + 1. Give b(-2).
-35
Let h(q) = -q**3 - 2*q**2 + 2*q + 1. Determine h(2).
-11
Let l(u) = -u**3 + 9*u**2 - 7*u - 9. Determine l(8).
-1
Let b(h) = h**3 - 15*h - 5. Give b(-4).
-9
Let x(i) = -i**3 + 4*i**2 + 9*i + 12. What is x(6)?
-6
Let u(z) = z**3 - 10*z**2 + 5*z - 9. Give u(10).
41
Let w(c) = -c - 11. What is w(-10)?
-1
Let i(w) = -w + 8. Determine i(-6).
14
Let o(d) = d + 6. What is o(-6)?
0
Let k(v) = -31*v + 299. What is k(10)?
-11
Let u(z) = -15*z + 5. Determine u(-2).
35
Let k(u) = -u**2 + 11*u - 33. Give k(10).
-23
Let x(y) = -y**2 - 10*y - 44. Give x(-6).
-20
Let c(u) = -u - 26. Give c(-7).
-19
Let k(v) = v**3 + 6*v**2 + 12*v + 31. Calculate k(-5).
-4
Let y(f) = f**3 + 3. Give y(0).
3
Let d(n) = n**3 + 6*n**2 + 3*n + 7. Give d(-6).
-11
Let m(z) = z**2 - 58*z - 117. What is m(-2)?
3
Let r(o) = -o**3 + 50*o**2 + 102*o + 119. What is r(52)?
15
Let p(c) = -c**3 - 9*c**2 - c - 4. Calculate p(-9).
5
Let o(f) = f**2 + 7*f + 2. Calculate o(-6).
-4
Let d(z) = -z - 57. What is d(0)?
-57
Let z(j) = 2*j - 47. Calculate z(5).
-37
Let i(w) = -3*w**2 - 4*w + 1. What is i(-3)?
-14
Let b(p) = p**3 - 8*p**2 + 7*p + 2. Give b(7).
2
Let s(g) = -g**2 + 11*g - 2. Calculate s(9).
16
Let t(w) = -5*w - 43. Give t(-11).
12
Let x(v) = -4*v - 46. Determine x(-15).
14
Let p(u) = 12*u + 47. What is p(-4)?
-1
Let z(n) = -n**3 + 9*n**2 + 25*n - 56. What is z(11)?
-23
Let m(v) = -7*v + 7. Give m(5).
-28
Let u(t) = -7*t**2 - 37*t + 8. Determine u(-4).
44
Let y(p) = -3*p + 7. Calculate y(7).
-14
Let c(y) = -y**3 - 6*y**2 - 73*y - 708. Give c(-8).
4
Let g(t) = t**2 + 17*t + 21. Determine g(-15).
-9
Let g(p) = 2*p + 1. Calculate g(-5).
-9
Let r(j) = -2*j**2 + 7*j - 5. Calculate r(6).
-35
Let l(q) = 2*q**2 - 92*q + 86. Determine l(45).
-4
Let d(o) = o**2 + 6*o - 8. What is d(-6)?
-8
Let o(q) = -q**3 - 7*q**2 - 8*q - 4. Give o(-3).
-16
Let g(w) = 2*w**3 + 2*w**2 - 2*w. Calculate g(-2).
-4
Let r(q) = -14*q**2 - 13*q + 13. Determine r(1).
-14
Let o(r) = 38*r - 225. Calculate o(6).
3
Let v(u) = -u + 6. What is v(10)?
-4
Let d(p) = 10*p**3 - 3*p**2 - p + 2. Determine d(2).
68
Let v(l) = 15*l - 7. Give v(2).
23
Let i(t) = 2*t**3 + 5*t + 6. Determine i(-3).
-63
Let a(c) = -c**2 + 24*c - 27. Calculate a(22).
17
Let n(o) = o**3 + 10*o**2 - 14*o - 1. Determine n(-11).
32
Let k(t) = t**3 + 2*t**2 - 4*t + 5. Determine k(-4).
-11
Let c(w) = -3*w**2 - 8*w + 2. Calculate c(-8).
-126
Let m(r) = -2*r**2 + 15*r - 22. Determine m(5).
3
Let d(y) = 2*y - 4. What is d(0)?
-4
Let q(k) = 2*k**3 + k**2 - k - 2. What is q(-1)?
-2
Let p(l) = -l**2 - 11*l + 32. Calculate p(-13).
6
Let z(a) = 2*a**2 - a - 119. Give z(8).
1
Let h(q) = 4*q**3 + q**2 + q + 4. Calculate h(0).
4
Let a(l) = l**2 - 45*l + 112. Determine a(42).
-14
Let g(y) = -y**2 + 11*y - 16. What is g(10)?
-6
Let p(s) = -s - 5. Give p(-2).
-3
Let w(t) = t**3 - 6*t**2 + 28. Determine w(5).
3
Let c(r) = 3*r - 25. Give c(21).
38
Let r(z) = 18*z - 52. Determine r(3).
2
Let d(q) = 4*q**2 + q - 2. Determine d(3).
37
Let b(o) = o**2 - 39*o - 215. Give b(-5).
5
Let q(h) = h**2 - 19*h + 75. Give q(14).
5
Let j(s) = 2*s**2 - 62*s - 8.